{"id":118,"date":"2023-01-31T14:56:09","date_gmt":"2023-01-31T19:56:09","guid":{"rendered":"https:\/\/gdatechnologie.duckdns.org\/?page_id=118"},"modified":"2023-08-28T13:28:57","modified_gmt":"2023-08-28T17:28:57","slug":"notes-route-gestion-des-actifs","status":"publish","type":"page","link":"https:\/\/gdrtechnologies.ca\/index.php\/notes-route-gestion-des-actifs\/","title":{"rendered":"Notes Route"},"content":{"rendered":"\t\t<div data-elementor-type=\"wp-page\" data-elementor-id=\"118\" class=\"elementor elementor-118\" data-elementor-post-type=\"page\">\n\t\t\t\t\t\t<section class=\"elementor-section elementor-top-section elementor-element elementor-element-49928ab elementor-section-boxed elementor-section-height-default elementor-section-height-default\" data-id=\"49928ab\" data-element_type=\"section\" data-settings=\"{&quot;background_background&quot;:&quot;classic&quot;}\">\n\t\t\t\t\t\t<div class=\"elementor-container elementor-column-gap-default\">\n\t\t\t\t\t<div class=\"elementor-column elementor-col-100 elementor-top-column elementor-element elementor-element-ab2fd36\" data-id=\"ab2fd36\" data-element_type=\"column\">\n\t\t\t<div class=\"elementor-widget-wrap elementor-element-populated\">\n\t\t\t\t\t\t<div class=\"elementor-element elementor-element-32c37e5 elementor-widget elementor-widget-text-editor\" data-id=\"32c37e5\" data-element_type=\"widget\" data-widget_type=\"text-editor.default\">\n\t\t\t\t<div class=\"elementor-widget-container\">\n\t\t\t<style>\/*! elementor - v3.20.0 - 06-03-2024 *\/\n.elementor-widget-text-editor.elementor-drop-cap-view-stacked .elementor-drop-cap{background-color:#69727d;color:#fff}.elementor-widget-text-editor.elementor-drop-cap-view-framed .elementor-drop-cap{color:#69727d;border:3px solid;background-color:transparent}.elementor-widget-text-editor:not(.elementor-drop-cap-view-default) .elementor-drop-cap{margin-top:8px}.elementor-widget-text-editor:not(.elementor-drop-cap-view-default) .elementor-drop-cap-letter{width:1em;height:1em}.elementor-widget-text-editor .elementor-drop-cap{float:left;text-align:center;line-height:1;font-size:50px}.elementor-widget-text-editor .elementor-drop-cap-letter{display:inline-block}<\/style>\t\t\t\t\t\t\t\t\t\t<\/div>\n\t\t\t\t<\/div>\n\t\t\t\t<div class=\"elementor-element elementor-element-729372f elementor-widget elementor-widget-video\" data-id=\"729372f\" data-element_type=\"widget\" data-settings=\"{&quot;youtube_url&quot;:&quot;https:\\\/\\\/youtu.be\\\/UERgePUSqEk&quot;,&quot;video_type&quot;:&quot;youtube&quot;,&quot;controls&quot;:&quot;yes&quot;}\" data-widget_type=\"video.default\">\n\t\t\t\t<div class=\"elementor-widget-container\">\n\t\t\t<style>\/*! elementor - v3.20.0 - 06-03-2024 *\/\n.elementor-widget-video .elementor-widget-container{overflow:hidden;transform:translateZ(0)}.elementor-widget-video .elementor-wrapper{aspect-ratio:var(--video-aspect-ratio)}.elementor-widget-video .elementor-wrapper iframe,.elementor-widget-video .elementor-wrapper video{height:100%;width:100%;display:flex;border:none;background-color:#000}@supports not (aspect-ratio:1\/1){.elementor-widget-video .elementor-wrapper{position:relative;overflow:hidden;height:0;padding-bottom:calc(100% \/ var(--video-aspect-ratio))}.elementor-widget-video .elementor-wrapper iframe,.elementor-widget-video .elementor-wrapper video{position:absolute;top:0;right:0;bottom:0;left:0}}.elementor-widget-video .elementor-open-inline .elementor-custom-embed-image-overlay{position:absolute;top:0;right:0;bottom:0;left:0;background-size:cover;background-position:50%}.elementor-widget-video .elementor-custom-embed-image-overlay{cursor:pointer;text-align:center}.elementor-widget-video .elementor-custom-embed-image-overlay:hover .elementor-custom-embed-play i{opacity:1}.elementor-widget-video .elementor-custom-embed-image-overlay img{display:block;width:100%;aspect-ratio:var(--video-aspect-ratio);-o-object-fit:cover;object-fit:cover;-o-object-position:center center;object-position:center center}@supports not (aspect-ratio:1\/1){.elementor-widget-video .elementor-custom-embed-image-overlay{position:relative;overflow:hidden;height:0;padding-bottom:calc(100% \/ var(--video-aspect-ratio))}.elementor-widget-video .elementor-custom-embed-image-overlay img{position:absolute;top:0;right:0;bottom:0;left:0}}.elementor-widget-video .e-hosted-video .elementor-video{-o-object-fit:cover;object-fit:cover}.e-con-inner>.elementor-widget-video,.e-con>.elementor-widget-video{width:var(--container-widget-width);--flex-grow:var(--container-widget-flex-grow)}<\/style>\t\t<div class=\"elementor-wrapper elementor-open-inline\">\n\t\t\t<div class=\"elementor-video\"><\/div>\t\t<\/div>\n\t\t\t\t<\/div>\n\t\t\t\t<\/div>\n\t\t\t\t<div class=\"elementor-element elementor-element-407246e elementor-align-center elementor-widget elementor-widget-button\" data-id=\"407246e\" data-element_type=\"widget\" data-widget_type=\"button.default\">\n\t\t\t\t<div class=\"elementor-widget-container\">\n\t\t\t\t\t<div class=\"elementor-button-wrapper\">\n\t\t\t<a class=\"elementor-button elementor-button-link elementor-size-lg\" href=\"https:\/\/gdrtechnologies.ca\/index.php\/contact\">\n\t\t\t\t\t\t<span class=\"elementor-button-content-wrapper\">\n\t\t\t\t\t\t<span class=\"elementor-button-text\">Nous contacter<\/span>\n\t\t<\/span>\n\t\t\t\t\t<\/a>\n\t\t<\/div>\n\t\t\t\t<\/div>\n\t\t\t\t<\/div>\n\t\t\t\t\t<\/div>\n\t\t<\/div>\n\t\t\t\t\t<\/div>\n\t\t<\/section>\n\t\t\t\t<section class=\"elementor-section elementor-top-section elementor-element elementor-element-60c07b8 elementor-section-boxed elementor-section-height-default elementor-section-height-default\" data-id=\"60c07b8\" data-element_type=\"section\" data-settings=\"{&quot;background_background&quot;:&quot;classic&quot;}\">\n\t\t\t\t\t\t<div class=\"elementor-container elementor-column-gap-default\">\n\t\t\t\t\t<div class=\"elementor-column elementor-col-100 elementor-top-column elementor-element elementor-element-7a2b1cd\" data-id=\"7a2b1cd\" data-element_type=\"column\">\n\t\t\t<div class=\"elementor-widget-wrap elementor-element-populated\">\n\t\t\t\t\t\t<section class=\"elementor-section elementor-inner-section elementor-element elementor-element-523ac90 elementor-section-boxed elementor-section-height-default elementor-section-height-default\" data-id=\"523ac90\" data-element_type=\"section\" data-settings=\"{&quot;background_background&quot;:&quot;video&quot;,&quot;background_video_link&quot;:&quot;https:\\\/\\\/youtu.be\\\/aVmEPrJRO84&quot;}\">\n\t\t\t\t\t\t\t\t<div class=\"elementor-background-video-container elementor-hidden-phone\">\n\t\t\t\t\t\t\t\t\t\t\t\t\t<div class=\"elementor-background-video-embed\"><\/div>\n\t\t\t\t\t\t\t\t\t\t\t\t<\/div>\n\t\t\t\t\t\t\t\t<div class=\"elementor-container elementor-column-gap-default\">\n\t\t\t\t\t<div class=\"elementor-column elementor-col-50 elementor-inner-column elementor-element elementor-element-21c57b7\" data-id=\"21c57b7\" data-element_type=\"column\">\n\t\t\t<div class=\"elementor-widget-wrap\">\n\t\t\t\t\t\t\t<\/div>\n\t\t<\/div>\n\t\t\t\t<div class=\"elementor-column elementor-col-50 elementor-inner-column elementor-element elementor-element-2250c2a\" data-id=\"2250c2a\" data-element_type=\"column\">\n\t\t\t<div class=\"elementor-widget-wrap elementor-element-populated\">\n\t\t\t\t\t\t<div class=\"elementor-element elementor-element-72c106e elementor-widget elementor-widget-text-editor\" data-id=\"72c106e\" data-element_type=\"widget\" data-widget_type=\"text-editor.default\">\n\t\t\t\t<div class=\"elementor-widget-container\">\n\t\t\t\t\t\t\t<h2>Avoir un Historique avec Notes Route\u00a0<\/h2><h4>L&rsquo;historique des routes est essentiel pour optimiser la gestion et la r\u00e9paration des infrastructures routi\u00e8res en tenant compte des sp\u00e9cificit\u00e9s de chaque municipalit\u00e9. Il permet d&rsquo;identifier les tendances, les probl\u00e8mes r\u00e9currents et les zones vuln\u00e9rables, d&rsquo;adapter les strat\u00e9gies de maintenance aux conditions uniques du territoire et d&rsquo;anticiper les besoins en r\u00e9parations. En facilitant l&rsquo;identification des m\u00e9thodes de r\u00e9paration les plus efficaces et rentables, l&rsquo;historique des routes contribue \u00e0 la prise de d\u00e9cisions \u00e9clair\u00e9es pour les r\u00e9parations, optimisant ainsi les ressources, am\u00e9liorant la qualit\u00e9 et assurant la p\u00e9rennit\u00e9 des infrastructures routi\u00e8res.<\/h4>\t\t\t\t\t\t<\/div>\n\t\t\t\t<\/div>\n\t\t\t\t\t<\/div>\n\t\t<\/div>\n\t\t\t\t\t<\/div>\n\t\t<\/section>\n\t\t\t\t<section class=\"elementor-section elementor-inner-section elementor-element elementor-element-a91f808 elementor-section-boxed elementor-section-height-default elementor-section-height-default\" data-id=\"a91f808\" data-element_type=\"section\" data-settings=\"{&quot;background_background&quot;:&quot;video&quot;,&quot;background_video_link&quot;:&quot;https:\\\/\\\/youtu.be\\\/Xg3TFiWv0Tc&quot;}\">\n\t\t\t\t\t\t\t\t<div class=\"elementor-background-video-container elementor-hidden-phone\">\n\t\t\t\t\t\t\t\t\t\t\t\t\t<div class=\"elementor-background-video-embed\"><\/div>\n\t\t\t\t\t\t\t\t\t\t\t\t<\/div>\n\t\t\t\t\t\t\t\t<div class=\"elementor-container elementor-column-gap-default\">\n\t\t\t\t\t<div class=\"elementor-column elementor-col-50 elementor-inner-column elementor-element elementor-element-ed6ee1a\" data-id=\"ed6ee1a\" data-element_type=\"column\">\n\t\t\t<div class=\"elementor-widget-wrap elementor-element-populated\">\n\t\t\t\t\t\t<div class=\"elementor-element elementor-element-32b4d78 elementor-widget elementor-widget-text-editor\" data-id=\"32b4d78\" data-element_type=\"widget\" data-widget_type=\"text-editor.default\">\n\t\t\t\t<div class=\"elementor-widget-container\">\n\t\t\t\t\t\t\t<h3>Simple<\/h3><h5>Le code de couleur sur les cartes de Notes Route offre un moyen simple et efficace d&rsquo;\u00e9valuer rapidement l&rsquo;\u00e9tat des chauss\u00e9es. Le Logiciel vous fournis une vue d&rsquo;ensemble imm\u00e9diate de la condition des routes. GDR Technologie propose un service annuel de mise \u00e0 jour des donn\u00e9es de vos chauss\u00e9es gr\u00e2ce \u00e0 des analyses approfondies men\u00e9es par nos experts. Ce service vous fait gagner du temps en prenant en charge la collecte, le traitement et l&rsquo;analyse des informations sur l&rsquo;\u00e9tat des routes, tout en apportant une perspective externe et objective pour identifier les lacunes et opportunit\u00e9s d&rsquo;am\u00e9lioration.\u00a0<\/h5><h3>Rapide<\/h3><div><h5>Notre programme offre un suivi des informations sur les chauss\u00e9es en un seul clic. Les municipalit\u00e9s choisissent les informations pertinentes \u00e0 inclure et peuvent les modifier sur le terrain ais\u00e9ment. Ainsi, toutes les donn\u00e9es sur les chauss\u00e9es sont accessibles sans d\u00e9marches complexes.\u00a0 Essayez notre programme d\u00e8s maintenant et constatez par vous-m\u00eame sa simplicit\u00e9 d&rsquo;utilisation.<\/h5><\/div>\t\t\t\t\t\t<\/div>\n\t\t\t\t<\/div>\n\t\t\t\t\t<\/div>\n\t\t<\/div>\n\t\t\t\t<div class=\"elementor-column elementor-col-50 elementor-inner-column elementor-element elementor-element-754df11\" data-id=\"754df11\" data-element_type=\"column\">\n\t\t\t<div class=\"elementor-widget-wrap\">\n\t\t\t\t\t\t\t<\/div>\n\t\t<\/div>\n\t\t\t\t\t<\/div>\n\t\t<\/section>\n\t\t\t\t<section class=\"elementor-section elementor-inner-section elementor-element elementor-element-8d1a8c8 elementor-section-boxed elementor-section-height-default elementor-section-height-default\" data-id=\"8d1a8c8\" data-element_type=\"section\" data-settings=\"{&quot;background_background&quot;:&quot;video&quot;,&quot;background_video_link&quot;:&quot;https:\\\/\\\/youtu.be\\\/Y9xIzg4QRq4&quot;}\">\n\t\t\t\t\t\t\t\t<div class=\"elementor-background-video-container elementor-hidden-phone\">\n\t\t\t\t\t\t\t\t\t\t\t\t\t<div class=\"elementor-background-video-embed\"><\/div>\n\t\t\t\t\t\t\t\t\t\t\t\t<\/div>\n\t\t\t\t\t\t\t\t<div class=\"elementor-container elementor-column-gap-default\">\n\t\t\t\t\t<div class=\"elementor-column elementor-col-50 elementor-inner-column elementor-element elementor-element-1c3151a\" data-id=\"1c3151a\" data-element_type=\"column\">\n\t\t\t<div class=\"elementor-widget-wrap\">\n\t\t\t\t\t\t\t<\/div>\n\t\t<\/div>\n\t\t\t\t<div class=\"elementor-column elementor-col-50 elementor-inner-column elementor-element elementor-element-232e882\" data-id=\"232e882\" data-element_type=\"column\">\n\t\t\t<div class=\"elementor-widget-wrap elementor-element-populated\">\n\t\t\t\t\t\t<div class=\"elementor-element elementor-element-ee873c8 elementor-widget elementor-widget-text-editor\" data-id=\"ee873c8\" data-element_type=\"widget\" data-widget_type=\"text-editor.default\">\n\t\t\t\t<div class=\"elementor-widget-container\">\n\t\t\t\t\t\t\t<h3><span style=\"color: #ffffff;\">Connect\u00e9<\/span><\/h3>\n<h5><span style=\"color: #ffffff;\">Notre logiciel Notes Route assure une interconnexion rapide entre les utilisateurs pour une communication fluide et efficace. Il permet de se connecter facilement, partager des informations en temps r\u00e9el et acc\u00e9l\u00e9rer les processus de travail tout en renfor\u00e7ant les liens entre les \u00e9quipes. Compatible avec les appareils mobiles, il facilite la localisation et la signalisation des probl\u00e9matiques gr\u00e2ce \u00e0 des marqueurs, des descriptions et des photos pour informer les sup\u00e9rieurs. Cette interconnexion rapide garantit une prise de d\u00e9cision plus rapide et une utilisation optimale des ressources.<\/span><\/h5>\n<div>\n<h3><span style=\"color: #ffffff;\">Flexible<\/span><\/h3>\n<h5><span style=\"color: #ffffff;\">Notre logiciel permettra aux utilisateurs de modifier les tron\u00e7ons de route selon leurs besoins.&nbsp;<\/span><\/h5>\n<\/div>\t\t\t\t\t\t<\/div>\n\t\t\t\t<\/div>\n\t\t\t\t\t<\/div>\n\t\t<\/div>\n\t\t\t\t\t<\/div>\n\t\t<\/section>\n\t\t\t\t<section class=\"elementor-section elementor-inner-section elementor-element elementor-element-316f606 elementor-section-boxed elementor-section-height-default elementor-section-height-default\" data-id=\"316f606\" data-element_type=\"section\" data-settings=\"{&quot;background_background&quot;:&quot;video&quot;,&quot;background_video_link&quot;:&quot;https:\\\/\\\/youtu.be\\\/MuazJ6ud7hw&quot;}\">\n\t\t\t\t\t\t\t\t<div class=\"elementor-background-video-container elementor-hidden-phone\">\n\t\t\t\t\t\t\t\t\t\t\t\t\t<div class=\"elementor-background-video-embed\"><\/div>\n\t\t\t\t\t\t\t\t\t\t\t\t<\/div>\n\t\t\t\t\t\t\t\t<div class=\"elementor-container elementor-column-gap-default\">\n\t\t\t\t\t<div class=\"elementor-column elementor-col-50 elementor-inner-column elementor-element elementor-element-0a0c791\" data-id=\"0a0c791\" data-element_type=\"column\">\n\t\t\t<div class=\"elementor-widget-wrap elementor-element-populated\">\n\t\t\t\t\t\t<div class=\"elementor-element elementor-element-e52ea69 elementor-widget elementor-widget-text-editor\" data-id=\"e52ea69\" data-element_type=\"widget\" data-widget_type=\"text-editor.default\">\n\t\t\t\t<div class=\"elementor-widget-container\">\n\t\t\t\t\t\t\t<h2><span style=\"color: #ffffff;\"><br><\/span><\/h2><h2><span style=\"color: #ffffff;\">Suivis Travaux<\/span><\/h2>\n<div>\n<h5><span style=\"color: #ffffff;\">&nbsp;Ces donn\u00e9es permettent de mieux comprendre les choix techniques, mat\u00e9riaux utilis\u00e9s et m\u00e9thode utilis\u00e9es, facilitant l&rsquo;identification des probl\u00e9matiques et la d\u00e9termination de solutions adapt\u00e9es en cas de d\u00e9t\u00e9rioration ou de d\u00e9fauts futur. Gr\u00e2ce \u00e0 ces informations, les municipalit\u00e9s peuvent analyser l&rsquo;impact des m\u00e9thodes de construction sur la durabilit\u00e9 et la performance des infrastructures routi\u00e8res, ce qui favorise l&rsquo;\u00e9laboration de strat\u00e9gies d&rsquo;entretien et de maintenance optimales. En ayant tout les informations des travaux dans Notes Route, ceci facilite ainsi la prise de d\u00e9cision pour un entretien routier efficace.<\/span><\/h5><div><span style=\"color: #ffffff;\"><br><\/span><\/div><div><span style=\"color: #ffffff;\"><br><\/span><\/div><div><span style=\"color: #ffffff;\"><br><\/span><\/div>\n<\/div>\t\t\t\t\t\t<\/div>\n\t\t\t\t<\/div>\n\t\t\t\t\t<\/div>\n\t\t<\/div>\n\t\t\t\t<div class=\"elementor-column elementor-col-50 elementor-inner-column elementor-element elementor-element-676f435\" data-id=\"676f435\" data-element_type=\"column\">\n\t\t\t<div class=\"elementor-widget-wrap\">\n\t\t\t\t\t\t\t<\/div>\n\t\t<\/div>\n\t\t\t\t\t<\/div>\n\t\t<\/section>\n\t\t\t\t<section class=\"elementor-section elementor-inner-section elementor-element elementor-element-72888f4 elementor-section-boxed elementor-section-height-default elementor-section-height-default\" data-id=\"72888f4\" data-element_type=\"section\">\n\t\t\t\t\t\t<div class=\"elementor-container elementor-column-gap-default\">\n\t\t\t\t\t<div class=\"elementor-column elementor-col-50 elementor-inner-column elementor-element elementor-element-11a6011\" data-id=\"11a6011\" data-element_type=\"column\">\n\t\t\t<div class=\"elementor-widget-wrap elementor-element-populated\">\n\t\t\t\t\t\t<div class=\"elementor-element elementor-element-ebcc92a elementor-widget elementor-widget-heading\" data-id=\"ebcc92a\" data-element_type=\"widget\" data-widget_type=\"heading.default\">\n\t\t\t\t<div class=\"elementor-widget-container\">\n\t\t\t<style>\/*! elementor - v3.20.0 - 06-03-2024 *\/\n.elementor-heading-title{padding:0;margin:0;line-height:1}.elementor-widget-heading .elementor-heading-title[class*=elementor-size-]>a{color:inherit;font-size:inherit;line-height:inherit}.elementor-widget-heading .elementor-heading-title.elementor-size-small{font-size:15px}.elementor-widget-heading .elementor-heading-title.elementor-size-medium{font-size:19px}.elementor-widget-heading .elementor-heading-title.elementor-size-large{font-size:29px}.elementor-widget-heading .elementor-heading-title.elementor-size-xl{font-size:39px}.elementor-widget-heading .elementor-heading-title.elementor-size-xxl{font-size:59px}<\/style><h2 class=\"elementor-heading-title elementor-size-default\">Investir aujourd\u2019hui pour sauver consid\u00e9rablement demain. <\/h2>\t\t<\/div>\n\t\t\t\t<\/div>\n\t\t\t\t\t<\/div>\n\t\t<\/div>\n\t\t\t\t<div class=\"elementor-column elementor-col-50 elementor-inner-column elementor-element elementor-element-818cef7\" data-id=\"818cef7\" data-element_type=\"column\">\n\t\t\t<div class=\"elementor-widget-wrap elementor-element-populated\">\n\t\t\t\t\t\t<div class=\"elementor-element elementor-element-5b32d25 elementor-align-center elementor-widget elementor-widget-button\" data-id=\"5b32d25\" data-element_type=\"widget\" data-widget_type=\"button.default\">\n\t\t\t\t<div class=\"elementor-widget-container\">\n\t\t\t\t\t<div class=\"elementor-button-wrapper\">\n\t\t\t<a class=\"elementor-button elementor-button-link elementor-size-sm\" href=\"https:\/\/gdrtechnologies.ca\/index.php\/contact\/\">\n\t\t\t\t\t\t<span class=\"elementor-button-content-wrapper\">\n\t\t\t\t\t\t<span class=\"elementor-button-text\">Utiliser Notes Route<\/span>\n\t\t<\/span>\n\t\t\t\t\t<\/a>\n\t\t<\/div>\n\t\t\t\t<\/div>\n\t\t\t\t<\/div>\n\t\t\t\t\t<\/div>\n\t\t<\/div>\n\t\t\t\t\t<\/div>\n\t\t<\/section>\n\t\t\t\t\t<\/div>\n\t\t<\/div>\n\t\t\t\t\t<\/div>\n\t\t<\/section>\n\t\t\t\t<\/div>\n\t\t","protected":false},"excerpt":{"rendered":"<p>Nous contacter Avoir un Historique avec Notes Route\u00a0 L&rsquo;historique des routes est essentiel pour optimiser la gestion et la r\u00e9paration des infrastructures routi\u00e8res en tenant compte des sp\u00e9cificit\u00e9s de chaque municipalit\u00e9. Il permet d&rsquo;identifier les tendances, les probl\u00e8mes r\u00e9currents et les zones vuln\u00e9rables, d&rsquo;adapter les strat\u00e9gies de maintenance aux conditions uniques du territoire et d&rsquo;anticiper [&hellip;]<\/p>\n","protected":false},"author":1,"featured_media":0,"parent":0,"menu_order":0,"comment_status":"closed","ping_status":"closed","template":"elementor_header_footer","meta":{"footnotes":""},"class_list":["post-118","page","type-page","status-publish","hentry"],"yoast_head":"<!-- This site is optimized with the Yoast SEO plugin v22.2 - https:\/\/yoast.com\/wordpress\/plugins\/seo\/ -->\n<title>Notes Route :<\/title>\n<meta name=\"description\" content=\"Notes Route : %\" \/>\n<meta name=\"robots\" content=\"index, follow, max-snippet:-1, max-image-preview:large, max-video-preview:-1\" \/>\n<link rel=\"canonical\" href=\"https:\/\/gdrtechnologies.ca\/index.php\/notes-route-gestion-des-actifs\/\" \/>\n<meta property=\"og:locale\" content=\"fr_FR\" \/>\n<meta property=\"og:type\" content=\"article\" \/>\n<meta property=\"og:title\" content=\"Notes Route :\" \/>\n<meta property=\"og:description\" content=\"Notes Route : %\" \/>\n<meta property=\"og:url\" content=\"https:\/\/gdrtechnologies.ca\/index.php\/notes-route-gestion-des-actifs\/\" \/>\n<meta property=\"article:modified_time\" content=\"2023-08-28T17:28:57+00:00\" \/>\n<meta property=\"og:image\" content=\"https:\/\/gdrtechnologies.ca\/wp-content\/uploads\/2023\/02\/gdrlogoonlywitheg1.png\" \/>\n\t<meta property=\"og:image:width\" content=\"625\" \/>\n\t<meta property=\"og:image:height\" content=\"575\" \/>\n\t<meta property=\"og:image:type\" content=\"image\/png\" \/>\n<meta name=\"twitter:card\" content=\"summary_large_image\" \/>\n<meta name=\"twitter:label1\" content=\"Dur\u00e9e de lecture estim\u00e9e\" \/>\n\t<meta name=\"twitter:data1\" content=\"3 minutes\" \/>\n<script type=\"application\/ld+json\" class=\"yoast-schema-graph\">{\"@context\":\"https:\/\/schema.org\",\"@graph\":[{\"@type\":\"WebPage\",\"@id\":\"https:\/\/gdrtechnologies.ca\/index.php\/notes-route-gestion-des-actifs\/\",\"url\":\"https:\/\/gdrtechnologies.ca\/index.php\/notes-route-gestion-des-actifs\/\",\"name\":\"Notes Route :\",\"isPartOf\":{\"@id\":\"https:\/\/gdrtechnologies.ca\/#website\"},\"datePublished\":\"2023-01-31T19:56:09+00:00\",\"dateModified\":\"2023-08-28T17:28:57+00:00\",\"description\":\"Notes Route : %\",\"breadcrumb\":{\"@id\":\"https:\/\/gdrtechnologies.ca\/index.php\/notes-route-gestion-des-actifs\/#breadcrumb\"},\"inLanguage\":\"fr-FR\",\"potentialAction\":[{\"@type\":\"ReadAction\",\"target\":[\"https:\/\/gdrtechnologies.ca\/index.php\/notes-route-gestion-des-actifs\/\"]}]},{\"@type\":\"BreadcrumbList\",\"@id\":\"https:\/\/gdrtechnologies.ca\/index.php\/notes-route-gestion-des-actifs\/#breadcrumb\",\"itemListElement\":[{\"@type\":\"ListItem\",\"position\":1,\"name\":\"Accueil\",\"item\":\"https:\/\/gdrtechnologies.ca\/\"},{\"@type\":\"ListItem\",\"position\":2,\"name\":\"Notes Route\"}]},{\"@type\":\"WebSite\",\"@id\":\"https:\/\/gdrtechnologies.ca\/#website\",\"url\":\"https:\/\/gdrtechnologies.ca\/\",\"name\":\"Gdrtechnologies\",\"description\":\"Gestion des actifs\",\"publisher\":{\"@id\":\"https:\/\/gdrtechnologies.ca\/#organization\"},\"potentialAction\":[{\"@type\":\"SearchAction\",\"target\":{\"@type\":\"EntryPoint\",\"urlTemplate\":\"https:\/\/gdrtechnologies.ca\/?s={search_term_string}\"},\"query-input\":\"required name=search_term_string\"}],\"inLanguage\":\"fr-FR\"},{\"@type\":\"Organization\",\"@id\":\"https:\/\/gdrtechnologies.ca\/#organization\",\"name\":\"GDR Technologies\",\"url\":\"https:\/\/gdrtechnologies.ca\/\",\"logo\":{\"@type\":\"ImageObject\",\"inLanguage\":\"fr-FR\",\"@id\":\"https:\/\/gdrtechnologies.ca\/#\/schema\/logo\/image\/\",\"url\":\"https:\/\/gdrtechnologies.ca\/wp-content\/uploads\/2023\/03\/gdrlogoonlywitheg.png\",\"contentUrl\":\"https:\/\/gdrtechnologies.ca\/wp-content\/uploads\/2023\/03\/gdrlogoonlywitheg.png\",\"width\":500,\"height\":500,\"caption\":\"GDR Technologies\"},\"image\":{\"@id\":\"https:\/\/gdrtechnologies.ca\/#\/schema\/logo\/image\/\"}}]}<\/script>\n<!-- \/ Yoast SEO plugin. -->","yoast_head_json":{"title":"Notes Route :","description":"Notes Route : %","robots":{"index":"index","follow":"follow","max-snippet":"max-snippet:-1","max-image-preview":"max-image-preview:large","max-video-preview":"max-video-preview:-1"},"canonical":"https:\/\/gdrtechnologies.ca\/index.php\/notes-route-gestion-des-actifs\/","og_locale":"fr_FR","og_type":"article","og_title":"Notes Route :","og_description":"Notes Route : %","og_url":"https:\/\/gdrtechnologies.ca\/index.php\/notes-route-gestion-des-actifs\/","article_modified_time":"2023-08-28T17:28:57+00:00","og_image":[{"width":625,"height":575,"url":"https:\/\/gdrtechnologies.ca\/wp-content\/uploads\/2023\/02\/gdrlogoonlywitheg1.png","type":"image\/png"}],"twitter_card":"summary_large_image","twitter_misc":{"Dur\u00e9e de lecture estim\u00e9e":"3 minutes"},"schema":{"@context":"https:\/\/schema.org","@graph":[{"@type":"WebPage","@id":"https:\/\/gdrtechnologies.ca\/index.php\/notes-route-gestion-des-actifs\/","url":"https:\/\/gdrtechnologies.ca\/index.php\/notes-route-gestion-des-actifs\/","name":"Notes Route :","isPartOf":{"@id":"https:\/\/gdrtechnologies.ca\/#website"},"datePublished":"2023-01-31T19:56:09+00:00","dateModified":"2023-08-28T17:28:57+00:00","description":"Notes Route : %","breadcrumb":{"@id":"https:\/\/gdrtechnologies.ca\/index.php\/notes-route-gestion-des-actifs\/#breadcrumb"},"inLanguage":"fr-FR","potentialAction":[{"@type":"ReadAction","target":["https:\/\/gdrtechnologies.ca\/index.php\/notes-route-gestion-des-actifs\/"]}]},{"@type":"BreadcrumbList","@id":"https:\/\/gdrtechnologies.ca\/index.php\/notes-route-gestion-des-actifs\/#breadcrumb","itemListElement":[{"@type":"ListItem","position":1,"name":"Accueil","item":"https:\/\/gdrtechnologies.ca\/"},{"@type":"ListItem","position":2,"name":"Notes Route"}]},{"@type":"WebSite","@id":"https:\/\/gdrtechnologies.ca\/#website","url":"https:\/\/gdrtechnologies.ca\/","name":"Gdrtechnologies","description":"Gestion des actifs","publisher":{"@id":"https:\/\/gdrtechnologies.ca\/#organization"},"potentialAction":[{"@type":"SearchAction","target":{"@type":"EntryPoint","urlTemplate":"https:\/\/gdrtechnologies.ca\/?s={search_term_string}"},"query-input":"required name=search_term_string"}],"inLanguage":"fr-FR"},{"@type":"Organization","@id":"https:\/\/gdrtechnologies.ca\/#organization","name":"GDR Technologies","url":"https:\/\/gdrtechnologies.ca\/","logo":{"@type":"ImageObject","inLanguage":"fr-FR","@id":"https:\/\/gdrtechnologies.ca\/#\/schema\/logo\/image\/","url":"https:\/\/gdrtechnologies.ca\/wp-content\/uploads\/2023\/03\/gdrlogoonlywitheg.png","contentUrl":"https:\/\/gdrtechnologies.ca\/wp-content\/uploads\/2023\/03\/gdrlogoonlywitheg.png","width":500,"height":500,"caption":"GDR Technologies"},"image":{"@id":"https:\/\/gdrtechnologies.ca\/#\/schema\/logo\/image\/"}}]}},"_links":{"self":[{"href":"https:\/\/gdrtechnologies.ca\/index.php\/wp-json\/wp\/v2\/pages\/118","targetHints":{"allow":["GET"]}}],"collection":[{"href":"https:\/\/gdrtechnologies.ca\/index.php\/wp-json\/wp\/v2\/pages"}],"about":[{"href":"https:\/\/gdrtechnologies.ca\/index.php\/wp-json\/wp\/v2\/types\/page"}],"author":[{"embeddable":true,"href":"https:\/\/gdrtechnologies.ca\/index.php\/wp-json\/wp\/v2\/users\/1"}],"replies":[{"embeddable":true,"href":"https:\/\/gdrtechnologies.ca\/index.php\/wp-json\/wp\/v2\/comments?post=118"}],"version-history":[{"count":140,"href":"https:\/\/gdrtechnologies.ca\/index.php\/wp-json\/wp\/v2\/pages\/118\/revisions"}],"predecessor-version":[{"id":1684,"href":"https:\/\/gdrtechnologies.ca\/index.php\/wp-json\/wp\/v2\/pages\/118\/revisions\/1684"}],"wp:attachment":[{"href":"https:\/\/gdrtechnologies.ca\/index.php\/wp-json\/wp\/v2\/media?parent=118"}],"curies":[{"name":"wp","href":"https:\/\/api.w.org\/{rel}","templated":true}]}}